{"id":579,"date":"2022-05-13T18:15:59","date_gmt":"2022-05-13T18:15:59","guid":{"rendered":"https:\/\/triumph4all.dk\/?page_id=579"},"modified":"2023-03-13T18:25:35","modified_gmt":"2023-03-13T18:25:35","slug":"gearkasseophaenget","status":"publish","type":"page","link":"https:\/\/triumph4all.dk\/?page_id=579","title":{"rendered":"Gearkasseoph\u00e6nget"},"content":{"rendered":"\n<p>S\u00e5 fandt jeg delene til gearkasseoph\u00e6nget det er s\u00e5 denne uges opgave som det kan ses er de dele af en af de tidligere ejer blevet sandbl\u00e6st men desv\u00e6rre ikke grundet s\u00e5 der er kommet en del rust p\u00e5 efter s\u00e5 mange \u00e5r uden grunder.<\/p>\n\n\n<div class=\"wp-block-image\">\n<figure class=\"aligncenter size-large\"><img loading=\"lazy\" decoding=\"async\" width=\"1024\" height=\"577\" src=\"https:\/\/triumph4all.dk\/wp-content\/uploads\/2022\/05\/DSC00787-1024x577.jpg\" alt=\"\" class=\"wp-image-580\" srcset=\"https:\/\/triumph4all.dk\/wp-content\/uploads\/2022\/05\/DSC00787-1024x577.jpg 1024w, https:\/\/triumph4all.dk\/wp-content\/uploads\/2022\/05\/DSC00787-300x169.jpg 300w, https:\/\/triumph4all.dk\/wp-content\/uploads\/2022\/05\/DSC00787-768x433.jpg 768w, https:\/\/triumph4all.dk\/wp-content\/uploads\/2022\/05\/DSC00787-1536x866.jpg 1536w, https:\/\/triumph4all.dk\/wp-content\/uploads\/2022\/05\/DSC00787-2048x1154.jpg 2048w\" sizes=\"auto, (max-width: 1024px) 100vw, 1024px\" \/><\/figure>\n<\/div>\n\n\n<p>Som det ses er gummiet helt v\u00e6k s\u00e5 der m\u00e5 jeg p\u00e5 indk\u00f8b efter en ny som denne p\u00e5 billedet under.<\/p>\n\n\n<div class=\"wp-block-image\">\n<figure class=\"aligncenter size-full is-resized\"><img loading=\"lazy\" decoding=\"async\" src=\"https:\/\/triumph4all.dk\/wp-content\/uploads\/2022\/05\/104086.jpg\" alt=\"\" class=\"wp-image-581\" width=\"671\" height=\"445\" srcset=\"https:\/\/triumph4all.dk\/wp-content\/uploads\/2022\/05\/104086.jpg 570w, https:\/\/triumph4all.dk\/wp-content\/uploads\/2022\/05\/104086-300x199.jpg 300w\" sizes=\"auto, (max-width: 671px) 100vw, 671px\" \/><\/figure>\n<\/div>\n\n\n<p>S\u00e5 blev delene sandbl\u00e6st og er nu klar til grunder.<\/p>\n\n\n<div class=\"wp-block-image\">\n<figure class=\"aligncenter size-large\"><img loading=\"lazy\" decoding=\"async\" width=\"1024\" height=\"577\" src=\"https:\/\/triumph4all.dk\/wp-content\/uploads\/2022\/05\/DSC00798-1024x577.jpg\" alt=\"\" class=\"wp-image-585\" srcset=\"https:\/\/triumph4all.dk\/wp-content\/uploads\/2022\/05\/DSC00798-1024x577.jpg 1024w, https:\/\/triumph4all.dk\/wp-content\/uploads\/2022\/05\/DSC00798-300x169.jpg 300w, https:\/\/triumph4all.dk\/wp-content\/uploads\/2022\/05\/DSC00798-768x433.jpg 768w, https:\/\/triumph4all.dk\/wp-content\/uploads\/2022\/05\/DSC00798-1536x866.jpg 1536w, https:\/\/triumph4all.dk\/wp-content\/uploads\/2022\/05\/DSC00798-2048x1154.jpg 2048w\" sizes=\"auto, (max-width: 1024px) 100vw, 1024px\" \/><\/figure>\n<\/div>\n\n\n<p>S\u00e5 kom der 2k epoxy grunder p\u00e5 delene eneste er nu at jeg venter p\u00e5 posten med pakken<\/p>\n\n\n\n<figure class=\"wp-block-gallery has-nested-images columns-default is-cropped wp-block-gallery-1 is-layout-flex wp-block-gallery-is-layout-flex\">\n<figure class=\"wp-block-image size-large\"><img loading=\"lazy\" decoding=\"async\" width=\"1024\" height=\"577\" data-id=\"644\" src=\"https:\/\/triumph4all.dk\/wp-content\/uploads\/2022\/05\/DSC00804-1024x577.jpg\" alt=\"\" class=\"wp-image-644\" srcset=\"https:\/\/triumph4all.dk\/wp-content\/uploads\/2022\/05\/DSC00804-1024x577.jpg 1024w, https:\/\/triumph4all.dk\/wp-content\/uploads\/2022\/05\/DSC00804-300x169.jpg 300w, https:\/\/triumph4all.dk\/wp-content\/uploads\/2022\/05\/DSC00804-768x433.jpg 768w, https:\/\/triumph4all.dk\/wp-content\/uploads\/2022\/05\/DSC00804-1536x866.jpg 1536w, https:\/\/triumph4all.dk\/wp-content\/uploads\/2022\/05\/DSC00804-2048x1154.jpg 2048w\" sizes=\"auto, (max-width: 1024px) 100vw, 1024px\" \/><\/figure>\n\n\n\n<figure class=\"wp-block-image size-large\"><img loading=\"lazy\" decoding=\"async\" width=\"1024\" height=\"577\" data-id=\"645\" src=\"https:\/\/triumph4all.dk\/wp-content\/uploads\/2022\/05\/DSC00805-1024x577.jpg\" alt=\"\" class=\"wp-image-645\" srcset=\"https:\/\/triumph4all.dk\/wp-content\/uploads\/2022\/05\/DSC00805-1024x577.jpg 1024w, https:\/\/triumph4all.dk\/wp-content\/uploads\/2022\/05\/DSC00805-300x169.jpg 300w, https:\/\/triumph4all.dk\/wp-content\/uploads\/2022\/05\/DSC00805-768x433.jpg 768w, https:\/\/triumph4all.dk\/wp-content\/uploads\/2022\/05\/DSC00805-1536x866.jpg 1536w, https:\/\/triumph4all.dk\/wp-content\/uploads\/2022\/05\/DSC00805-2048x1154.jpg 2048w\" sizes=\"auto, (max-width: 1024px) 100vw, 1024px\" \/><\/figure>\n<\/figure>\n\n\n\n<p>S\u00e5 kom pakken med de dele som jeg manglede s\u00e5 nu er det kun at f\u00e5 dem malet i den farve som jeg v\u00e6lger er pt. i tvivl om hvilken sort som rammen eller aluminium farven som gearkassen.<\/p>\n\n\n<div class=\"wp-block-image\">\n<figure class=\"aligncenter size-large\"><img loading=\"lazy\" decoding=\"async\" width=\"1024\" height=\"577\" src=\"https:\/\/triumph4all.dk\/wp-content\/uploads\/2022\/09\/DSC00935-1024x577.jpg\" alt=\"\" class=\"wp-image-757\" srcset=\"https:\/\/triumph4all.dk\/wp-content\/uploads\/2022\/09\/DSC00935-1024x577.jpg 1024w, https:\/\/triumph4all.dk\/wp-content\/uploads\/2022\/09\/DSC00935-300x169.jpg 300w, https:\/\/triumph4all.dk\/wp-content\/uploads\/2022\/09\/DSC00935-768x433.jpg 768w, https:\/\/triumph4all.dk\/wp-content\/uploads\/2022\/09\/DSC00935-1536x866.jpg 1536w, https:\/\/triumph4all.dk\/wp-content\/uploads\/2022\/09\/DSC00935-2048x1154.jpg 2048w, https:\/\/triumph4all.dk\/wp-content\/uploads\/2022\/09\/DSC00935-scaled-800x450.jpg 800w, https:\/\/triumph4all.dk\/wp-content\/uploads\/2022\/09\/DSC00935-scaled-620x349.jpg 620w, https:\/\/triumph4all.dk\/wp-content\/uploads\/2022\/09\/DSC00935-scaled-400x225.jpg 400w\" sizes=\"auto, (max-width: 1024px) 100vw, 1024px\" \/><\/figure>\n<\/div>\n\n\n<p><\/p>\n\n\n<div class=\"wp-block-image\">\n<figure class=\"aligncenter size-full\"><img loading=\"lazy\" decoding=\"async\" width=\"507\" height=\"450\" src=\"https:\/\/triumph4all.dk\/wp-content\/uploads\/2022\/09\/Gearkasse-ophaeng-2.jpg\" alt=\"\" class=\"wp-image-762\" srcset=\"https:\/\/triumph4all.dk\/wp-content\/uploads\/2022\/09\/Gearkasse-ophaeng-2.jpg 507w, https:\/\/triumph4all.dk\/wp-content\/uploads\/2022\/09\/Gearkasse-ophaeng-2-300x266.jpg 300w\" sizes=\"auto, (max-width: 507px) 100vw, 507px\" \/><figcaption class=\"wp-element-caption\">S\u00e5dan skal delene bruges<\/figcaption><\/figure>\n<\/div>","protected":false},"excerpt":{"rendered":"<p>S\u00e5 fandt jeg delene til gearkasseoph\u00e6nget det er s\u00e5 denne uges opgave som det kan ses er de dele af en af de tidligere ejer blevet sandbl\u00e6st men desv\u00e6rre ikke grundet s\u00e5 der er kommet en del rust p\u00e5 efter s\u00e5 mange \u00e5r uden grunder. Som det ses er gummiet helt v\u00e6k s\u00e5 der m\u00e5&hellip;&nbsp;<a href=\"https:\/\/triumph4all.dk\/?page_id=579\" rel=\"bookmark\">L\u00e6s mere &raquo;<span class=\"screen-reader-text\">Gearkasseoph\u00e6nget<\/span><\/a><\/p>\n","protected":false},"author":2,"featured_media":0,"parent":0,"menu_order":0,"comment_status":"closed","ping_status":"closed","template":"","meta":{"neve_meta_sidebar":"","neve_meta_container":"","neve_meta_enable_content_width":"","neve_meta_content_width":0,"neve_meta_title_alignment":"","neve_meta_author_avatar":"","neve_post_elements_order":"","neve_meta_disable_header":"","neve_meta_disable_footer":"","neve_meta_disable_title":"","footnotes":""},"class_list":["post-579","page","type-page","status-publish","hentry"],"_links":{"self":[{"href":"https:\/\/triumph4all.dk\/index.php?rest_route=\/wp\/v2\/pages\/579","targetHints":{"allow":["GET"]}}],"collection":[{"href":"https:\/\/triumph4all.dk\/index.php?rest_route=\/wp\/v2\/pages"}],"about":[{"href":"https:\/\/triumph4all.dk\/index.php?rest_route=\/wp\/v2\/types\/page"}],"author":[{"embeddable":true,"href":"https:\/\/triumph4all.dk\/index.php?rest_route=\/wp\/v2\/users\/2"}],"replies":[{"embeddable":true,"href":"https:\/\/triumph4all.dk\/index.php?rest_route=%2Fwp%2Fv2%2Fcomments&post=579"}],"version-history":[{"count":9,"href":"https:\/\/triumph4all.dk\/index.php?rest_route=\/wp\/v2\/pages\/579\/revisions"}],"predecessor-version":[{"id":853,"href":"https:\/\/triumph4all.dk\/index.php?rest_route=\/wp\/v2\/pages\/579\/revisions\/853"}],"wp:attachment":[{"href":"https:\/\/triumph4all.dk\/index.php?rest_route=%2Fwp%2Fv2%2Fmedia&parent=579"}],"curies":[{"name":"wp","href":"https:\/\/api.w.org\/{rel}","templated":true}]}}