{"id":49,"date":"2020-07-24T18:45:21","date_gmt":"2020-07-24T18:45:21","guid":{"rendered":"http:\/\/triumph4all.dk\/?page_id=49"},"modified":"2025-02-11T20:17:56","modified_gmt":"2025-02-11T20:17:56","slug":"ramme","status":"publish","type":"page","link":"https:\/\/triumph4all.dk\/?page_id=49","title":{"rendered":"Samling karosseriet"},"content":{"rendered":"\n<p>Da rammen og karosseriet l\u00e5 som to dele og jeg ikke har set dem samlet p\u00e5 n\u00e5et tidspunkt bliver en af de mere sp\u00e6ndende opgaver som jeg skal i gang med er at samle dem s\u00e5 jeg kan se hvordan delene passer sammen.<\/p>\n\n\n<div class=\"wp-block-image\">\n<figure class=\"aligncenter size-large is-resized\"><img loading=\"lazy\" decoding=\"async\" width=\"1024\" height=\"577\" src=\"https:\/\/triumph4all.dk\/wp-content\/uploads\/2020\/10\/Samling2-1024x577.jpg\" alt=\"\" class=\"wp-image-261\" style=\"width:674px;height:379px\" srcset=\"https:\/\/triumph4all.dk\/wp-content\/uploads\/2020\/10\/Samling2-1024x577.jpg 1024w, https:\/\/triumph4all.dk\/wp-content\/uploads\/2020\/10\/Samling2-300x169.jpg 300w, https:\/\/triumph4all.dk\/wp-content\/uploads\/2020\/10\/Samling2-768x433.jpg 768w, https:\/\/triumph4all.dk\/wp-content\/uploads\/2020\/10\/Samling2-1536x866.jpg 1536w, https:\/\/triumph4all.dk\/wp-content\/uploads\/2020\/10\/Samling2-2048x1154.jpg 2048w\" sizes=\"auto, (max-width: 1024px) 100vw, 1024px\" \/><figcaption class=\"wp-element-caption\">S\u00e5 er rammen og karosseriet test monteret med alle de skruer og gummi dele der skal bruges til det og hjelmen er lagt l\u00f8st p\u00e5.<\/figcaption><\/figure>\n<\/div>\n\n\n<figure class=\"wp-block-gallery has-nested-images columns-default is-cropped wp-block-gallery-1 is-layout-flex wp-block-gallery-is-layout-flex\">\n<figure class=\"wp-block-image size-large\"><img loading=\"lazy\" decoding=\"async\" width=\"1024\" height=\"577\" data-id=\"267\" src=\"https:\/\/triumph4all.dk\/wp-content\/uploads\/2020\/10\/Hoejre-side-1024x577.jpg\" alt=\"\" class=\"wp-image-267\" srcset=\"https:\/\/triumph4all.dk\/wp-content\/uploads\/2020\/10\/Hoejre-side-1024x577.jpg 1024w, https:\/\/triumph4all.dk\/wp-content\/uploads\/2020\/10\/Hoejre-side-300x169.jpg 300w, https:\/\/triumph4all.dk\/wp-content\/uploads\/2020\/10\/Hoejre-side-768x433.jpg 768w, https:\/\/triumph4all.dk\/wp-content\/uploads\/2020\/10\/Hoejre-side-1536x866.jpg 1536w, https:\/\/triumph4all.dk\/wp-content\/uploads\/2020\/10\/Hoejre-side-2048x1154.jpg 2048w\" sizes=\"auto, (max-width: 1024px) 100vw, 1024px\" \/><\/figure>\n\n\n\n<figure class=\"wp-block-image size-large\"><img loading=\"lazy\" decoding=\"async\" width=\"1024\" height=\"577\" data-id=\"268\" src=\"https:\/\/triumph4all.dk\/wp-content\/uploads\/2020\/10\/Venstre-side-1024x577.jpg\" alt=\"\" class=\"wp-image-268\" srcset=\"https:\/\/triumph4all.dk\/wp-content\/uploads\/2020\/10\/Venstre-side-1024x577.jpg 1024w, https:\/\/triumph4all.dk\/wp-content\/uploads\/2020\/10\/Venstre-side-300x169.jpg 300w, https:\/\/triumph4all.dk\/wp-content\/uploads\/2020\/10\/Venstre-side-768x433.jpg 768w, https:\/\/triumph4all.dk\/wp-content\/uploads\/2020\/10\/Venstre-side-1536x866.jpg 1536w, https:\/\/triumph4all.dk\/wp-content\/uploads\/2020\/10\/Venstre-side-2048x1154.jpg 2048w\" sizes=\"auto, (max-width: 1024px) 100vw, 1024px\" \/><\/figure>\n<figcaption class=\"blocks-gallery-caption wp-element-caption\">S\u00e5 blev der sat sk\u00e6rme og d\u00f8r p\u00e5 i begge sider der er dog lige lidt med at f\u00e5 det hele rettet ind.<\/figcaption><\/figure>\n\n\n<div class=\"wp-block-image\">\n<figure class=\"aligncenter size-large\"><img loading=\"lazy\" decoding=\"async\" width=\"1024\" height=\"577\" src=\"https:\/\/triumph4all.dk\/wp-content\/uploads\/2020\/10\/Doer-lige-1024x577.jpg\" alt=\"\" class=\"wp-image-277\" srcset=\"https:\/\/triumph4all.dk\/wp-content\/uploads\/2020\/10\/Doer-lige-1024x577.jpg 1024w, https:\/\/triumph4all.dk\/wp-content\/uploads\/2020\/10\/Doer-lige-300x169.jpg 300w, https:\/\/triumph4all.dk\/wp-content\/uploads\/2020\/10\/Doer-lige-768x433.jpg 768w, https:\/\/triumph4all.dk\/wp-content\/uploads\/2020\/10\/Doer-lige-1536x866.jpg 1536w, https:\/\/triumph4all.dk\/wp-content\/uploads\/2020\/10\/Doer-lige-2048x1154.jpg 2048w\" sizes=\"auto, (max-width: 1024px) 100vw, 1024px\" \/><figcaption class=\"wp-element-caption\">Dette fors\u00f8g p\u00e5 retning af d\u00f8r\/sk\u00e6rm ser ok ud har omkring 6 mm i spalte kan l\u00e6se at der er flere meninger om hvad spalten skal v\u00e6re alt fra 4 til  6 mm.<\/figcaption><\/figure>\n<\/div>\n\n\n<p class=\"has-text-align-center\">Efter en del justering af sk\u00e6rme og d\u00f8re og efter at have opn\u00e5et det som kan ses p\u00e5 billedet ovenfor starter jeg nok med som det n\u00e6ste p\u00e5 karosseriet med at unders\u00f8ge hvad der er lavet p\u00e5 de dele som er blevet overmalet med grundfarve her er et eksempel p\u00e5 det.<\/p>\n\n\n<div class=\"wp-block-image\">\n<figure class=\"aligncenter size-large\"><img loading=\"lazy\" decoding=\"async\" width=\"1024\" height=\"577\" src=\"https:\/\/triumph4all.dk\/wp-content\/uploads\/2020\/07\/Front-1-1024x577.jpg\" alt=\"\" class=\"wp-image-75\" srcset=\"https:\/\/triumph4all.dk\/wp-content\/uploads\/2020\/07\/Front-1-1024x577.jpg 1024w, https:\/\/triumph4all.dk\/wp-content\/uploads\/2020\/07\/Front-1-300x169.jpg 300w, https:\/\/triumph4all.dk\/wp-content\/uploads\/2020\/07\/Front-1-768x433.jpg 768w, https:\/\/triumph4all.dk\/wp-content\/uploads\/2020\/07\/Front-1-1536x866.jpg 1536w, https:\/\/triumph4all.dk\/wp-content\/uploads\/2020\/07\/Front-1-2048x1154.jpg 2048w\" sizes=\"auto, (max-width: 1024px) 100vw, 1024px\" \/><\/figure>\n<\/div>\n\n<div class=\"wp-block-image\">\n<figure class=\"aligncenter size-large\"><img loading=\"lazy\" decoding=\"async\" width=\"1024\" height=\"577\" src=\"https:\/\/triumph4all.dk\/wp-content\/uploads\/2020\/09\/front2-1024x577.jpg\" alt=\"\" class=\"wp-image-212\" srcset=\"https:\/\/triumph4all.dk\/wp-content\/uploads\/2020\/09\/front2-1024x577.jpg 1024w, https:\/\/triumph4all.dk\/wp-content\/uploads\/2020\/09\/front2-300x169.jpg 300w, https:\/\/triumph4all.dk\/wp-content\/uploads\/2020\/09\/front2-768x433.jpg 768w, https:\/\/triumph4all.dk\/wp-content\/uploads\/2020\/09\/front2-1536x866.jpg 1536w, https:\/\/triumph4all.dk\/wp-content\/uploads\/2020\/09\/front2-2048x1154.jpg 2048w\" sizes=\"auto, (max-width: 1024px) 100vw, 1024px\" \/><\/figure>\n<\/div>\n\n\n<p class=\"has-text-align-center\">Her lidt t\u00e6ttere p\u00e5 der er \u00e5benbart svejset en plade ovenp\u00e5 dette er efter min opfattelse ikke helt den rigtige m\u00e5de at lave det p\u00e5 s\u00e5 dette skal laves om.<\/p>\n\n\n<div class=\"wp-block-image\">\n<figure class=\"aligncenter size-large\"><img loading=\"lazy\" decoding=\"async\" width=\"952\" height=\"1024\" src=\"https:\/\/triumph4all.dk\/wp-content\/uploads\/2020\/07\/Front-2-scaled-e1650218859935-952x1024.jpg\" alt=\"\" class=\"wp-image-80\" srcset=\"https:\/\/triumph4all.dk\/wp-content\/uploads\/2020\/07\/Front-2-scaled-e1650218859935-952x1024.jpg 952w, https:\/\/triumph4all.dk\/wp-content\/uploads\/2020\/07\/Front-2-scaled-e1650218859935-279x300.jpg 279w, https:\/\/triumph4all.dk\/wp-content\/uploads\/2020\/07\/Front-2-scaled-e1650218859935-768x826.jpg 768w, https:\/\/triumph4all.dk\/wp-content\/uploads\/2020\/07\/Front-2-scaled-e1650218859935.jpg 1044w\" sizes=\"auto, (max-width: 952px) 100vw, 952px\" \/><\/figure>\n<\/div>\n\n\n<p class=\"has-text-align-center\">Mere f\u00f8lger !!!<\/p>\n","protected":false},"excerpt":{"rendered":"<p>Da rammen og karosseriet l\u00e5 som to dele og jeg ikke har set dem samlet p\u00e5 n\u00e5et tidspunkt bliver en af de mere sp\u00e6ndende opgaver som jeg skal i gang med er at samle dem s\u00e5 jeg kan se hvordan delene passer sammen. Efter en del justering af sk\u00e6rme og d\u00f8re og efter at have&hellip;&nbsp;<a href=\"https:\/\/triumph4all.dk\/?page_id=49\" rel=\"bookmark\">L\u00e6s mere &raquo;<span class=\"screen-reader-text\">Samling karosseriet<\/span><\/a><\/p>\n","protected":false},"author":2,"featured_media":0,"parent":0,"menu_order":0,"comment_status":"closed","ping_status":"closed","template":"","meta":{"neve_meta_sidebar":"","neve_meta_container":"","neve_meta_enable_content_width":"","neve_meta_content_width":0,"neve_meta_title_alignment":"","neve_meta_author_avatar":"","neve_post_elements_order":"","neve_meta_disable_header":"","neve_meta_disable_footer":"","neve_meta_disable_title":"","footnotes":""},"class_list":["post-49","page","type-page","status-publish","hentry"],"_links":{"self":[{"href":"https:\/\/triumph4all.dk\/index.php?rest_route=\/wp\/v2\/pages\/49","targetHints":{"allow":["GET"]}}],"collection":[{"href":"https:\/\/triumph4all.dk\/index.php?rest_route=\/wp\/v2\/pages"}],"about":[{"href":"https:\/\/triumph4all.dk\/index.php?rest_route=\/wp\/v2\/types\/page"}],"author":[{"embeddable":true,"href":"https:\/\/triumph4all.dk\/index.php?rest_route=\/wp\/v2\/users\/2"}],"replies":[{"embeddable":true,"href":"https:\/\/triumph4all.dk\/index.php?rest_route=%2Fwp%2Fv2%2Fcomments&post=49"}],"version-history":[{"count":20,"href":"https:\/\/triumph4all.dk\/index.php?rest_route=\/wp\/v2\/pages\/49\/revisions"}],"predecessor-version":[{"id":1012,"href":"https:\/\/triumph4all.dk\/index.php?rest_route=\/wp\/v2\/pages\/49\/revisions\/1012"}],"wp:attachment":[{"href":"https:\/\/triumph4all.dk\/index.php?rest_route=%2Fwp%2Fv2%2Fmedia&parent=49"}],"curies":[{"name":"wp","href":"https:\/\/api.w.org\/{rel}","templated":true}]}}