{"id":334,"date":"2022-02-27T21:07:16","date_gmt":"2022-02-27T21:07:16","guid":{"rendered":"https:\/\/triumph4all.dk\/?page_id=334"},"modified":"2023-03-13T18:18:56","modified_gmt":"2023-03-13T18:18:56","slug":"oliepumpe-2","status":"publish","type":"page","link":"https:\/\/triumph4all.dk\/?page_id=334","title":{"rendered":"Oliepumpe"},"content":{"rendered":"<div class=\"wp-block-image\">\n<figure class=\"aligncenter size-large\"><img loading=\"lazy\" decoding=\"async\" width=\"1024\" height=\"577\" src=\"https:\/\/triumph4all.dk\/wp-content\/uploads\/2022\/02\/DSC00427-1024x577.jpg\" alt=\"\" class=\"wp-image-337\" srcset=\"https:\/\/triumph4all.dk\/wp-content\/uploads\/2022\/02\/DSC00427-1024x577.jpg 1024w, https:\/\/triumph4all.dk\/wp-content\/uploads\/2022\/02\/DSC00427-300x169.jpg 300w, https:\/\/triumph4all.dk\/wp-content\/uploads\/2022\/02\/DSC00427-768x433.jpg 768w, https:\/\/triumph4all.dk\/wp-content\/uploads\/2022\/02\/DSC00427-1536x866.jpg 1536w, https:\/\/triumph4all.dk\/wp-content\/uploads\/2022\/02\/DSC00427-2048x1154.jpg 2048w\" sizes=\"auto, (max-width: 1024px) 100vw, 1024px\" \/><\/figure>\n<\/div>\n\n\n<p>S\u00e5 blev det oliepumpens tur til at f\u00e5 en omgang men da den er temmelig beskidt og jeg gerne ville rense den p\u00e5 en forholdsvis nem m\u00e5de blev det til en omgang rundt p\u00e5 nettet for at finde den m\u00e5de som jeg mente blev den bedste (l\u00e6s nemmeste) derfor bestemte jeg mig til at ultralydsrense dem.<\/p>\n\n\n\n<p>Derefter blev pumpen adskilt s\u00e5 jeg kunne rense delene i ultralydsrenseren her ses den adskilt.<\/p>\n\n\n\n<figure class=\"wp-block-gallery has-nested-images columns-default is-cropped wp-block-gallery-1 is-layout-flex wp-block-gallery-is-layout-flex\">\n<figure class=\"wp-block-image size-large\"><img loading=\"lazy\" decoding=\"async\" width=\"2560\" height=\"1443\" data-id=\"343\" src=\"https:\/\/triumph4all.dk\/wp-content\/uploads\/2022\/02\/DSC00430-scaled.jpg\" alt=\"\" class=\"wp-image-343\" srcset=\"https:\/\/triumph4all.dk\/wp-content\/uploads\/2022\/02\/DSC00430-scaled.jpg 2560w, https:\/\/triumph4all.dk\/wp-content\/uploads\/2022\/02\/DSC00430-300x169.jpg 300w, https:\/\/triumph4all.dk\/wp-content\/uploads\/2022\/02\/DSC00430-1024x577.jpg 1024w, https:\/\/triumph4all.dk\/wp-content\/uploads\/2022\/02\/DSC00430-768x433.jpg 768w, https:\/\/triumph4all.dk\/wp-content\/uploads\/2022\/02\/DSC00430-1536x866.jpg 1536w, https:\/\/triumph4all.dk\/wp-content\/uploads\/2022\/02\/DSC00430-2048x1154.jpg 2048w\" sizes=\"auto, (max-width: 2560px) 100vw, 2560px\" \/><\/figure>\n\n\n\n<figure class=\"wp-block-image size-large\"><img loading=\"lazy\" decoding=\"async\" width=\"2560\" height=\"1443\" data-id=\"341\" src=\"https:\/\/triumph4all.dk\/wp-content\/uploads\/2022\/02\/DSC00439-scaled.jpg\" alt=\"\" class=\"wp-image-341\" srcset=\"https:\/\/triumph4all.dk\/wp-content\/uploads\/2022\/02\/DSC00439-scaled.jpg 2560w, https:\/\/triumph4all.dk\/wp-content\/uploads\/2022\/02\/DSC00439-300x169.jpg 300w\" sizes=\"auto, (max-width: 2560px) 100vw, 2560px\" \/><\/figure>\n\n\n\n<figure class=\"wp-block-image size-large\"><img loading=\"lazy\" decoding=\"async\" width=\"2560\" height=\"1443\" data-id=\"342\" src=\"https:\/\/triumph4all.dk\/wp-content\/uploads\/2022\/02\/DSC00448-scaled.jpg\" alt=\"\" class=\"wp-image-342\" srcset=\"https:\/\/triumph4all.dk\/wp-content\/uploads\/2022\/02\/DSC00448-scaled.jpg 2560w, https:\/\/triumph4all.dk\/wp-content\/uploads\/2022\/02\/DSC00448-300x169.jpg 300w, https:\/\/triumph4all.dk\/wp-content\/uploads\/2022\/02\/DSC00448-1024x577.jpg 1024w, https:\/\/triumph4all.dk\/wp-content\/uploads\/2022\/02\/DSC00448-768x433.jpg 768w, https:\/\/triumph4all.dk\/wp-content\/uploads\/2022\/02\/DSC00448-1536x866.jpg 1536w, https:\/\/triumph4all.dk\/wp-content\/uploads\/2022\/02\/DSC00448-2048x1154.jpg 2048w\" sizes=\"auto, (max-width: 2560px) 100vw, 2560px\" \/><\/figure>\n\n\n\n<figure class=\"wp-block-image size-large\"><img loading=\"lazy\" decoding=\"async\" width=\"2560\" height=\"1443\" data-id=\"347\" src=\"https:\/\/triumph4all.dk\/wp-content\/uploads\/2022\/02\/DSC00449-1-scaled.jpg\" alt=\"\" class=\"wp-image-347\" srcset=\"https:\/\/triumph4all.dk\/wp-content\/uploads\/2022\/02\/DSC00449-1-scaled.jpg 2560w, https:\/\/triumph4all.dk\/wp-content\/uploads\/2022\/02\/DSC00449-1-300x169.jpg 300w, https:\/\/triumph4all.dk\/wp-content\/uploads\/2022\/02\/DSC00449-1-1024x577.jpg 1024w, https:\/\/triumph4all.dk\/wp-content\/uploads\/2022\/02\/DSC00449-1-768x433.jpg 768w, https:\/\/triumph4all.dk\/wp-content\/uploads\/2022\/02\/DSC00449-1-1536x866.jpg 1536w, https:\/\/triumph4all.dk\/wp-content\/uploads\/2022\/02\/DSC00449-1-2048x1154.jpg 2048w\" sizes=\"auto, (max-width: 2560px) 100vw, 2560px\" \/><\/figure>\n<\/figure>\n\n\n\n<p>Vil man se mere om ultralydsrenseren tryk <a href=\"https:\/\/triumph4all.dk\/?page_id=618\" data-type=\"URL\" data-id=\"https:\/\/triumph4all.dk\/?page_id=618\">her<\/a><\/p>\n\n\n\n<p>Her er delene efter rens.<\/p>\n\n\n\n<figure class=\"wp-block-gallery has-nested-images columns-default is-cropped wp-block-gallery-2 is-layout-flex wp-block-gallery-is-layout-flex\">\n<figure class=\"wp-block-image size-large\"><img loading=\"lazy\" decoding=\"async\" width=\"1024\" height=\"577\" data-id=\"354\" src=\"https:\/\/triumph4all.dk\/wp-content\/uploads\/2022\/02\/DSC00467-1024x577.jpg\" alt=\"\" class=\"wp-image-354\" srcset=\"https:\/\/triumph4all.dk\/wp-content\/uploads\/2022\/02\/DSC00467-1024x577.jpg 1024w, https:\/\/triumph4all.dk\/wp-content\/uploads\/2022\/02\/DSC00467-300x169.jpg 300w, https:\/\/triumph4all.dk\/wp-content\/uploads\/2022\/02\/DSC00467-768x433.jpg 768w, https:\/\/triumph4all.dk\/wp-content\/uploads\/2022\/02\/DSC00467-1536x866.jpg 1536w, https:\/\/triumph4all.dk\/wp-content\/uploads\/2022\/02\/DSC00467-2048x1154.jpg 2048w\" sizes=\"auto, (max-width: 1024px) 100vw, 1024px\" \/><\/figure>\n\n\n\n<figure class=\"wp-block-image size-large\"><img loading=\"lazy\" decoding=\"async\" width=\"1024\" height=\"577\" data-id=\"356\" src=\"https:\/\/triumph4all.dk\/wp-content\/uploads\/2022\/02\/DSC00470-1024x577.jpg\" alt=\"\" class=\"wp-image-356\" srcset=\"https:\/\/triumph4all.dk\/wp-content\/uploads\/2022\/02\/DSC00470-1024x577.jpg 1024w, https:\/\/triumph4all.dk\/wp-content\/uploads\/2022\/02\/DSC00470-300x169.jpg 300w, https:\/\/triumph4all.dk\/wp-content\/uploads\/2022\/02\/DSC00470-768x433.jpg 768w, https:\/\/triumph4all.dk\/wp-content\/uploads\/2022\/02\/DSC00470-1536x866.jpg 1536w, https:\/\/triumph4all.dk\/wp-content\/uploads\/2022\/02\/DSC00470-2048x1154.jpg 2048w\" sizes=\"auto, (max-width: 1024px) 100vw, 1024px\" \/><\/figure>\n<\/figure>\n\n\n\n<p><\/p>\n\n\n<div class=\"wp-block-image\">\n<figure class=\"aligncenter size-large\"><img loading=\"lazy\" decoding=\"async\" width=\"1024\" height=\"577\" src=\"https:\/\/triumph4all.dk\/wp-content\/uploads\/2022\/02\/DSC00468-1024x577.jpg\" alt=\"\" class=\"wp-image-355\" srcset=\"https:\/\/triumph4all.dk\/wp-content\/uploads\/2022\/02\/DSC00468-1024x577.jpg 1024w, https:\/\/triumph4all.dk\/wp-content\/uploads\/2022\/02\/DSC00468-300x169.jpg 300w, https:\/\/triumph4all.dk\/wp-content\/uploads\/2022\/02\/DSC00468-768x433.jpg 768w, https:\/\/triumph4all.dk\/wp-content\/uploads\/2022\/02\/DSC00468-1536x866.jpg 1536w, https:\/\/triumph4all.dk\/wp-content\/uploads\/2022\/02\/DSC00468-2048x1154.jpg 2048w\" sizes=\"auto, (max-width: 1024px) 100vw, 1024px\" \/><\/figure>\n<\/div>\n\n\n<p>Er faktisk temmelig overrasket over hvilken resultat jeg har opn\u00e5et s\u00e5 ultralydsrenseren kommer helt sikkert til at rense flere dele nu. <\/p>\n\n\n\n<p>Opm\u00e5ling af pumpen gjorde jeg p\u00e5 denne m\u00e5de.<\/p>\n\n\n\n<figure class=\"wp-block-gallery has-nested-images columns-default is-cropped wp-block-gallery-3 is-layout-flex wp-block-gallery-is-layout-flex\">\n<figure class=\"wp-block-image size-large\"><img loading=\"lazy\" decoding=\"async\" width=\"1024\" height=\"577\" data-id=\"357\" src=\"https:\/\/triumph4all.dk\/wp-content\/uploads\/2022\/02\/DSC00471-1024x577.jpg\" alt=\"\" class=\"wp-image-357\" srcset=\"https:\/\/triumph4all.dk\/wp-content\/uploads\/2022\/02\/DSC00471-1024x577.jpg 1024w, https:\/\/triumph4all.dk\/wp-content\/uploads\/2022\/02\/DSC00471-300x169.jpg 300w, https:\/\/triumph4all.dk\/wp-content\/uploads\/2022\/02\/DSC00471-768x433.jpg 768w, https:\/\/triumph4all.dk\/wp-content\/uploads\/2022\/02\/DSC00471-1536x866.jpg 1536w, https:\/\/triumph4all.dk\/wp-content\/uploads\/2022\/02\/DSC00471-2048x1154.jpg 2048w\" sizes=\"auto, (max-width: 1024px) 100vw, 1024px\" \/><figcaption class=\"wp-element-caption\">Billede 1<\/figcaption><\/figure>\n\n\n\n<figure class=\"wp-block-image size-large\"><img loading=\"lazy\" decoding=\"async\" width=\"1024\" height=\"577\" data-id=\"358\" src=\"https:\/\/triumph4all.dk\/wp-content\/uploads\/2022\/02\/DSC00472-1024x577.jpg\" alt=\"\" class=\"wp-image-358\" srcset=\"https:\/\/triumph4all.dk\/wp-content\/uploads\/2022\/02\/DSC00472-1024x577.jpg 1024w, https:\/\/triumph4all.dk\/wp-content\/uploads\/2022\/02\/DSC00472-300x169.jpg 300w, https:\/\/triumph4all.dk\/wp-content\/uploads\/2022\/02\/DSC00472-768x433.jpg 768w, https:\/\/triumph4all.dk\/wp-content\/uploads\/2022\/02\/DSC00472-1536x866.jpg 1536w, https:\/\/triumph4all.dk\/wp-content\/uploads\/2022\/02\/DSC00472-2048x1154.jpg 2048w\" sizes=\"auto, (max-width: 1024px) 100vw, 1024px\" \/><figcaption class=\"wp-element-caption\">Billede 2<\/figcaption><\/figure>\n\n\n\n<figure class=\"wp-block-image size-large\"><img loading=\"lazy\" decoding=\"async\" width=\"1024\" height=\"577\" data-id=\"359\" src=\"https:\/\/triumph4all.dk\/wp-content\/uploads\/2022\/02\/DSC00473-1024x577.jpg\" alt=\"\" class=\"wp-image-359\" srcset=\"https:\/\/triumph4all.dk\/wp-content\/uploads\/2022\/02\/DSC00473-1024x577.jpg 1024w, https:\/\/triumph4all.dk\/wp-content\/uploads\/2022\/02\/DSC00473-300x169.jpg 300w, https:\/\/triumph4all.dk\/wp-content\/uploads\/2022\/02\/DSC00473-768x433.jpg 768w, https:\/\/triumph4all.dk\/wp-content\/uploads\/2022\/02\/DSC00473-1536x866.jpg 1536w, https:\/\/triumph4all.dk\/wp-content\/uploads\/2022\/02\/DSC00473-2048x1154.jpg 2048w\" sizes=\"auto, (max-width: 1024px) 100vw, 1024px\" \/><figcaption class=\"wp-element-caption\">Billede 3<\/figcaption><\/figure>\n<\/figure>\n\n\n\n<p>Der m\u00e5les slid m\u00e5 ikke overstige 0.254 mm p\u00e5 billede 1 og 2 og 0.102 mm p\u00e5 billede 3 da alle m\u00e5l helt klart var under er oliepumpen klar til at montere igen n\u00e5r den tid kommer.<\/p>\n\n\n<div class=\"wp-block-image\">\n<figure class=\"aligncenter size-large\"><img loading=\"lazy\" decoding=\"async\" width=\"1024\" height=\"577\" src=\"https:\/\/triumph4all.dk\/wp-content\/uploads\/2022\/02\/DSC00483-1024x577.jpg\" alt=\"\" class=\"wp-image-364\" srcset=\"https:\/\/triumph4all.dk\/wp-content\/uploads\/2022\/02\/DSC00483-1024x577.jpg 1024w, https:\/\/triumph4all.dk\/wp-content\/uploads\/2022\/02\/DSC00483-300x169.jpg 300w, https:\/\/triumph4all.dk\/wp-content\/uploads\/2022\/02\/DSC00483-768x433.jpg 768w, https:\/\/triumph4all.dk\/wp-content\/uploads\/2022\/02\/DSC00483-1536x866.jpg 1536w, https:\/\/triumph4all.dk\/wp-content\/uploads\/2022\/02\/DSC00483-2048x1154.jpg 2048w, https:\/\/triumph4all.dk\/wp-content\/uploads\/2022\/02\/DSC00483-scaled-800x450.jpg 800w, https:\/\/triumph4all.dk\/wp-content\/uploads\/2022\/02\/DSC00483-scaled-620x349.jpg 620w, https:\/\/triumph4all.dk\/wp-content\/uploads\/2022\/02\/DSC00483-scaled-400x225.jpg 400w\" sizes=\"auto, (max-width: 1024px) 100vw, 1024px\" \/><\/figure>\n<\/div>\n\n\n<p class=\"has-text-align-center\">Her ses den f\u00e6rdige oliepumpe rengjort og samlet igen.<\/p>\n","protected":false},"excerpt":{"rendered":"<p>S\u00e5 blev det oliepumpens tur til at f\u00e5 en omgang men da den er temmelig beskidt og jeg gerne ville rense den p\u00e5 en forholdsvis nem m\u00e5de blev det til en omgang rundt p\u00e5 nettet for at finde den m\u00e5de som jeg mente blev den bedste (l\u00e6s nemmeste) derfor bestemte jeg mig til at ultralydsrense&hellip;&nbsp;<a href=\"https:\/\/triumph4all.dk\/?page_id=334\" rel=\"bookmark\">L\u00e6s mere &raquo;<span class=\"screen-reader-text\">Oliepumpe<\/span><\/a><\/p>\n","protected":false},"author":2,"featured_media":0,"parent":0,"menu_order":0,"comment_status":"closed","ping_status":"closed","template":"","meta":{"neve_meta_sidebar":"","neve_meta_container":"","neve_meta_enable_content_width":"","neve_meta_content_width":0,"neve_meta_title_alignment":"","neve_meta_author_avatar":"","neve_post_elements_order":"","neve_meta_disable_header":"","neve_meta_disable_footer":"","neve_meta_disable_title":"","footnotes":""},"class_list":["post-334","page","type-page","status-publish","hentry"],"_links":{"self":[{"href":"https:\/\/triumph4all.dk\/index.php?rest_route=\/wp\/v2\/pages\/334","targetHints":{"allow":["GET"]}}],"collection":[{"href":"https:\/\/triumph4all.dk\/index.php?rest_route=\/wp\/v2\/pages"}],"about":[{"href":"https:\/\/triumph4all.dk\/index.php?rest_route=\/wp\/v2\/types\/page"}],"author":[{"embeddable":true,"href":"https:\/\/triumph4all.dk\/index.php?rest_route=\/wp\/v2\/users\/2"}],"replies":[{"embeddable":true,"href":"https:\/\/triumph4all.dk\/index.php?rest_route=%2Fwp%2Fv2%2Fcomments&post=334"}],"version-history":[{"count":8,"href":"https:\/\/triumph4all.dk\/index.php?rest_route=\/wp\/v2\/pages\/334\/revisions"}],"predecessor-version":[{"id":846,"href":"https:\/\/triumph4all.dk\/index.php?rest_route=\/wp\/v2\/pages\/334\/revisions\/846"}],"wp:attachment":[{"href":"https:\/\/triumph4all.dk\/index.php?rest_route=%2Fwp%2Fv2%2Fmedia&parent=334"}],"curies":[{"name":"wp","href":"https:\/\/api.w.org\/{rel}","templated":true}]}}