{"id":317,"date":"2021-11-03T17:41:42","date_gmt":"2021-11-03T17:41:42","guid":{"rendered":"https:\/\/triumph4all.dk\/?page_id=317"},"modified":"2023-03-13T18:29:44","modified_gmt":"2023-03-13T18:29:44","slug":"undervogn-samling","status":"publish","type":"page","link":"https:\/\/triumph4all.dk\/?page_id=317","title":{"rendered":"Samling ramme"},"content":{"rendered":"\n<p>Her kommer det til at handle om samling af alle de dele som skal monteres p\u00e5 rammen\/undervognen n\u00e5r delene er klar og de er monteret p\u00e5 rammen vil der komme nye billeder op p\u00e5 siden.<\/p>\n\n\n\n<p>Her ser man rammen som den s\u00e5 ud ved k\u00f8b af bilen st\u00e5r p\u00e5 dette billede p\u00e5 en hjemmelavet rullevogn s\u00e5 den kan flyttes rundt i v\u00e6rkstedet.<\/p>\n\n\n<div class=\"wp-block-image\">\n<figure class=\"aligncenter size-large\"><img loading=\"lazy\" decoding=\"async\" width=\"1024\" height=\"666\" src=\"https:\/\/triumph4all.dk\/wp-content\/uploads\/2020\/10\/Samling-scaled-e1602353900539-1024x666.jpg\" alt=\"\" class=\"wp-image-260\" srcset=\"https:\/\/triumph4all.dk\/wp-content\/uploads\/2020\/10\/Samling-scaled-e1602353900539-1024x666.jpg 1024w, https:\/\/triumph4all.dk\/wp-content\/uploads\/2020\/10\/Samling-scaled-e1602353900539-300x195.jpg 300w, https:\/\/triumph4all.dk\/wp-content\/uploads\/2020\/10\/Samling-scaled-e1602353900539-768x500.jpg 768w, https:\/\/triumph4all.dk\/wp-content\/uploads\/2020\/10\/Samling-scaled-e1602353900539-1536x999.jpg 1536w, https:\/\/triumph4all.dk\/wp-content\/uploads\/2020\/10\/Samling-scaled-e1602353900539-2048x1332.jpg 2048w\" sizes=\"auto, (max-width: 1024px) 100vw, 1024px\" \/><\/figure>\n<\/div>\n\n\n<p class=\"has-text-align-center\">Mere f\u00f8lger&#8230;.<\/p>\n","protected":false},"excerpt":{"rendered":"<p>Her kommer det til at handle om samling af alle de dele som skal monteres p\u00e5 rammen\/undervognen n\u00e5r delene er klar og de er monteret p\u00e5 rammen vil der komme nye billeder op p\u00e5 siden. Her ser man rammen som den s\u00e5 ud ved k\u00f8b af bilen st\u00e5r p\u00e5 dette billede p\u00e5 en hjemmelavet rullevogn&hellip;&nbsp;<a href=\"https:\/\/triumph4all.dk\/?page_id=317\" rel=\"bookmark\">L\u00e6s mere &raquo;<span class=\"screen-reader-text\">Samling ramme<\/span><\/a><\/p>\n","protected":false},"author":2,"featured_media":0,"parent":0,"menu_order":0,"comment_status":"closed","ping_status":"closed","template":"","meta":{"neve_meta_sidebar":"","neve_meta_container":"","neve_meta_enable_content_width":"","neve_meta_content_width":0,"neve_meta_title_alignment":"","neve_meta_author_avatar":"","neve_post_elements_order":"","neve_meta_disable_header":"","neve_meta_disable_footer":"","neve_meta_disable_title":"","footnotes":""},"class_list":["post-317","page","type-page","status-publish","hentry"],"_links":{"self":[{"href":"https:\/\/triumph4all.dk\/index.php?rest_route=\/wp\/v2\/pages\/317","targetHints":{"allow":["GET"]}}],"collection":[{"href":"https:\/\/triumph4all.dk\/index.php?rest_route=\/wp\/v2\/pages"}],"about":[{"href":"https:\/\/triumph4all.dk\/index.php?rest_route=\/wp\/v2\/types\/page"}],"author":[{"embeddable":true,"href":"https:\/\/triumph4all.dk\/index.php?rest_route=\/wp\/v2\/users\/2"}],"replies":[{"embeddable":true,"href":"https:\/\/triumph4all.dk\/index.php?rest_route=%2Fwp%2Fv2%2Fcomments&post=317"}],"version-history":[{"count":9,"href":"https:\/\/triumph4all.dk\/index.php?rest_route=\/wp\/v2\/pages\/317\/revisions"}],"predecessor-version":[{"id":859,"href":"https:\/\/triumph4all.dk\/index.php?rest_route=\/wp\/v2\/pages\/317\/revisions\/859"}],"wp:attachment":[{"href":"https:\/\/triumph4all.dk\/index.php?rest_route=%2Fwp%2Fv2%2Fmedia&parent=317"}],"curies":[{"name":"wp","href":"https:\/\/api.w.org\/{rel}","templated":true}]}}