{"id":221,"date":"2020-09-27T15:52:54","date_gmt":"2020-09-27T15:52:54","guid":{"rendered":"https:\/\/triumph4all.dk\/?page_id=221"},"modified":"2025-02-11T20:14:58","modified_gmt":"2025-02-11T20:14:58","slug":"motor-renovering","status":"publish","type":"page","link":"https:\/\/triumph4all.dk\/?page_id=221","title":{"rendered":"Motor renovering"},"content":{"rendered":"\n<p class=\"has-text-align-center\">S\u00e5 fik jeg motoren op og h\u00e6nge p\u00e5 mit nyindk\u00f8bte motorstativ den skal herefter skilles totalt ad.<\/p>\n\n\n<div class=\"wp-block-image\">\n<figure class=\"aligncenter size-large\"><img loading=\"lazy\" decoding=\"async\" width=\"1024\" height=\"577\" src=\"https:\/\/triumph4all.dk\/wp-content\/uploads\/2020\/09\/Motor-1024x577.jpg\" alt=\"\" class=\"wp-image-222\" srcset=\"https:\/\/triumph4all.dk\/wp-content\/uploads\/2020\/09\/Motor-1024x577.jpg 1024w, https:\/\/triumph4all.dk\/wp-content\/uploads\/2020\/09\/Motor-300x169.jpg 300w, https:\/\/triumph4all.dk\/wp-content\/uploads\/2020\/09\/Motor-768x433.jpg 768w, https:\/\/triumph4all.dk\/wp-content\/uploads\/2020\/09\/Motor-1536x866.jpg 1536w, https:\/\/triumph4all.dk\/wp-content\/uploads\/2020\/09\/Motor-2048x1154.jpg 2048w\" sizes=\"auto, (max-width: 1024px) 100vw, 1024px\" \/><figcaption class=\"wp-element-caption\">Motoren som den ser ud ved opstart <\/figcaption><\/figure>\n<\/div>\n\n<div class=\"wp-block-image\">\n<figure class=\"aligncenter size-large\"><img loading=\"lazy\" decoding=\"async\" width=\"1024\" height=\"577\" src=\"https:\/\/triumph4all.dk\/wp-content\/uploads\/2020\/09\/Motorstativ-1024x577.jpg\" alt=\"\" class=\"wp-image-223\" srcset=\"https:\/\/triumph4all.dk\/wp-content\/uploads\/2020\/09\/Motorstativ-1024x577.jpg 1024w, https:\/\/triumph4all.dk\/wp-content\/uploads\/2020\/09\/Motorstativ-300x169.jpg 300w, https:\/\/triumph4all.dk\/wp-content\/uploads\/2020\/09\/Motorstativ-768x433.jpg 768w, https:\/\/triumph4all.dk\/wp-content\/uploads\/2020\/09\/Motorstativ-1536x866.jpg 1536w, https:\/\/triumph4all.dk\/wp-content\/uploads\/2020\/09\/Motorstativ-2048x1154.jpg 2048w\" sizes=\"auto, (max-width: 1024px) 100vw, 1024px\" \/><figcaption class=\"wp-element-caption\">Tror jeg skal en tur rundt p\u00e5 nettet for at se om ikke jeg kan finde en m\u00e5de at h\u00e6nge motoren op p\u00e5 stativet s\u00e5 den h\u00e6nger p\u00e5 siden i stedet for p\u00e5 enden dette vil med sikkerhed g\u00f8re arbejdet nemmere.<\/figcaption><\/figure>\n<\/div>\n\n\n<figure class=\"wp-block-gallery has-nested-images columns-default is-cropped wp-block-gallery-1 is-layout-flex wp-block-gallery-is-layout-flex\">\n<figure class=\"wp-block-image size-large\"><img loading=\"lazy\" decoding=\"async\" width=\"1024\" height=\"577\" data-id=\"231\" src=\"https:\/\/triumph4all.dk\/wp-content\/uploads\/2020\/09\/Kasse-1024x577.jpg\" alt=\"\" class=\"wp-image-231\" srcset=\"https:\/\/triumph4all.dk\/wp-content\/uploads\/2020\/09\/Kasse-1024x577.jpg 1024w, https:\/\/triumph4all.dk\/wp-content\/uploads\/2020\/09\/Kasse-300x169.jpg 300w, https:\/\/triumph4all.dk\/wp-content\/uploads\/2020\/09\/Kasse-768x433.jpg 768w, https:\/\/triumph4all.dk\/wp-content\/uploads\/2020\/09\/Kasse-1536x866.jpg 1536w, https:\/\/triumph4all.dk\/wp-content\/uploads\/2020\/09\/Kasse-2048x1154.jpg 2048w\" sizes=\"auto, (max-width: 1024px) 100vw, 1024px\" \/><\/figure>\n\n\n\n<figure class=\"wp-block-image size-large\"><img loading=\"lazy\" decoding=\"async\" width=\"1024\" height=\"577\" data-id=\"229\" src=\"https:\/\/triumph4all.dk\/wp-content\/uploads\/2020\/09\/Stempler-1-1024x577.jpg\" alt=\"\" class=\"wp-image-229\" srcset=\"https:\/\/triumph4all.dk\/wp-content\/uploads\/2020\/09\/Stempler-1-1024x577.jpg 1024w, https:\/\/triumph4all.dk\/wp-content\/uploads\/2020\/09\/Stempler-1-300x169.jpg 300w, https:\/\/triumph4all.dk\/wp-content\/uploads\/2020\/09\/Stempler-1-768x433.jpg 768w, https:\/\/triumph4all.dk\/wp-content\/uploads\/2020\/09\/Stempler-1-1536x866.jpg 1536w, https:\/\/triumph4all.dk\/wp-content\/uploads\/2020\/09\/Stempler-1-2048x1154.jpg 2048w\" sizes=\"auto, (max-width: 1024px) 100vw, 1024px\" \/><\/figure>\n\n\n\n<figure class=\"wp-block-image size-large\"><img loading=\"lazy\" decoding=\"async\" width=\"1024\" height=\"577\" data-id=\"230\" src=\"https:\/\/triumph4all.dk\/wp-content\/uploads\/2020\/09\/Stempler1-1-1024x577.jpg\" alt=\"\" class=\"wp-image-230\" srcset=\"https:\/\/triumph4all.dk\/wp-content\/uploads\/2020\/09\/Stempler1-1-1024x577.jpg 1024w, https:\/\/triumph4all.dk\/wp-content\/uploads\/2020\/09\/Stempler1-1-300x169.jpg 300w, https:\/\/triumph4all.dk\/wp-content\/uploads\/2020\/09\/Stempler1-1-768x433.jpg 768w, https:\/\/triumph4all.dk\/wp-content\/uploads\/2020\/09\/Stempler1-1-1536x866.jpg 1536w, https:\/\/triumph4all.dk\/wp-content\/uploads\/2020\/09\/Stempler1-1-2048x1154.jpg 2048w\" sizes=\"auto, (max-width: 1024px) 100vw, 1024px\" \/><\/figure>\n<figcaption class=\"blocks-gallery-caption wp-element-caption\">Der var en hel del nye dele med i k\u00f8bet blandt andet denne kasse med helt ny<em>e stempler<\/em> og foringer til motoren.<\/figcaption><\/figure>\n\n\n\n<p class=\"has-text-align-center\">S\u00e5 lykkes det at f\u00e5 fremstillet et beslag s\u00e5 det er muligt at h\u00e6nge motoren op sidel\u00e6ns dette skulle gerne g\u00f8re det lettere at arbejde p\u00e5 motoren. Det er lavet i vinkeljern samt fladjern dette er svejst sammen og selve oph\u00e6nget er skruet p\u00e5 motoren ved hj\u00e6lp af diverse huller.<\/p>\n\n\n<div class=\"wp-block-image\">\n<figure class=\"aligncenter size-large\"><img loading=\"lazy\" decoding=\"async\" width=\"1024\" height=\"577\" src=\"https:\/\/triumph4all.dk\/wp-content\/uploads\/2020\/10\/Lige-ophaeng-1024x577.jpg\" alt=\"\" class=\"wp-image-272\" srcset=\"https:\/\/triumph4all.dk\/wp-content\/uploads\/2020\/10\/Lige-ophaeng-1024x577.jpg 1024w, https:\/\/triumph4all.dk\/wp-content\/uploads\/2020\/10\/Lige-ophaeng-300x169.jpg 300w, https:\/\/triumph4all.dk\/wp-content\/uploads\/2020\/10\/Lige-ophaeng-768x433.jpg 768w, https:\/\/triumph4all.dk\/wp-content\/uploads\/2020\/10\/Lige-ophaeng-1536x866.jpg 1536w, https:\/\/triumph4all.dk\/wp-content\/uploads\/2020\/10\/Lige-ophaeng-2048x1154.jpg 2048w\" sizes=\"auto, (max-width: 1024px) 100vw, 1024px\" \/><\/figure>\n<\/div>\n\n\n<p><\/p>\n\n\n<div class=\"wp-block-image\">\n<figure class=\"aligncenter size-large\"><img loading=\"lazy\" decoding=\"async\" width=\"1024\" height=\"577\" src=\"https:\/\/triumph4all.dk\/wp-content\/uploads\/2020\/10\/Lige-ophaeng-2-1024x577.jpg\" alt=\"\" class=\"wp-image-273\" srcset=\"https:\/\/triumph4all.dk\/wp-content\/uploads\/2020\/10\/Lige-ophaeng-2-1024x577.jpg 1024w, https:\/\/triumph4all.dk\/wp-content\/uploads\/2020\/10\/Lige-ophaeng-2-300x169.jpg 300w, https:\/\/triumph4all.dk\/wp-content\/uploads\/2020\/10\/Lige-ophaeng-2-768x433.jpg 768w, https:\/\/triumph4all.dk\/wp-content\/uploads\/2020\/10\/Lige-ophaeng-2-1536x866.jpg 1536w, https:\/\/triumph4all.dk\/wp-content\/uploads\/2020\/10\/Lige-ophaeng-2-2048x1154.jpg 2048w\" sizes=\"auto, (max-width: 1024px) 100vw, 1024px\" \/><\/figure>\n<\/div>\n\n\n<p class=\"has-text-align-center\">S\u00e5 blev der startet op p\u00e5 at kigge p\u00e5 motoren m\u00e5 nok sige at det blev meget nemmere nu n\u00e5r motoren var h\u00e6ngt op p\u00e5 denne m\u00e5de.<\/p>\n\n\n<div class=\"wp-block-image\">\n<figure class=\"aligncenter size-large\"><img loading=\"lazy\" decoding=\"async\" width=\"1024\" height=\"577\" src=\"https:\/\/triumph4all.dk\/wp-content\/uploads\/2020\/10\/Afmonteret-dele-1024x577.jpg\" alt=\"\" class=\"wp-image-281\" srcset=\"https:\/\/triumph4all.dk\/wp-content\/uploads\/2020\/10\/Afmonteret-dele-1024x577.jpg 1024w, https:\/\/triumph4all.dk\/wp-content\/uploads\/2020\/10\/Afmonteret-dele-300x169.jpg 300w, https:\/\/triumph4all.dk\/wp-content\/uploads\/2020\/10\/Afmonteret-dele-768x433.jpg 768w, https:\/\/triumph4all.dk\/wp-content\/uploads\/2020\/10\/Afmonteret-dele-1536x866.jpg 1536w, https:\/\/triumph4all.dk\/wp-content\/uploads\/2020\/10\/Afmonteret-dele-2048x1154.jpg 2048w\" sizes=\"auto, (max-width: 1024px) 100vw, 1024px\" \/><figcaption class=\"wp-element-caption\">Topstykke, benzinpumpe, oliefilter og str\u00f8mfordeler er afmonteret<\/figcaption><\/figure>\n<\/div>\n\n<div class=\"wp-block-image\">\n<figure class=\"aligncenter size-large is-resized\"><img loading=\"lazy\" decoding=\"async\" width=\"1024\" height=\"577\" src=\"https:\/\/triumph4all.dk\/wp-content\/uploads\/2020\/10\/Afmonteret-dele-2-1-1024x577.jpg\" alt=\"\" class=\"wp-image-284\" style=\"width:674px;height:379px\" srcset=\"https:\/\/triumph4all.dk\/wp-content\/uploads\/2020\/10\/Afmonteret-dele-2-1-1024x577.jpg 1024w, https:\/\/triumph4all.dk\/wp-content\/uploads\/2020\/10\/Afmonteret-dele-2-1-300x169.jpg 300w, https:\/\/triumph4all.dk\/wp-content\/uploads\/2020\/10\/Afmonteret-dele-2-1-768x433.jpg 768w, https:\/\/triumph4all.dk\/wp-content\/uploads\/2020\/10\/Afmonteret-dele-2-1-1536x866.jpg 1536w, https:\/\/triumph4all.dk\/wp-content\/uploads\/2020\/10\/Afmonteret-dele-2-1-2048x1154.jpg 2048w\" sizes=\"auto, (max-width: 1024px) 100vw, 1024px\" \/><figcaption class=\"wp-element-caption\">D\u00e6ksel, k\u00e6dehjul og knastaksel er nu ogs\u00e5 afmonteret<\/figcaption><\/figure>\n<\/div>\n\n\n<figure class=\"wp-block-gallery has-nested-images columns-default is-cropped wp-block-gallery-2 is-layout-flex wp-block-gallery-is-layout-flex\">\n<figure class=\"wp-block-image size-large\"><img loading=\"lazy\" decoding=\"async\" width=\"1024\" height=\"577\" data-id=\"285\" src=\"https:\/\/triumph4all.dk\/wp-content\/uploads\/2020\/10\/Dele-1-1024x577.jpg\" alt=\"\" class=\"wp-image-285\" srcset=\"https:\/\/triumph4all.dk\/wp-content\/uploads\/2020\/10\/Dele-1-1024x577.jpg 1024w, https:\/\/triumph4all.dk\/wp-content\/uploads\/2020\/10\/Dele-1-300x169.jpg 300w, https:\/\/triumph4all.dk\/wp-content\/uploads\/2020\/10\/Dele-1-768x433.jpg 768w, https:\/\/triumph4all.dk\/wp-content\/uploads\/2020\/10\/Dele-1-1536x866.jpg 1536w, https:\/\/triumph4all.dk\/wp-content\/uploads\/2020\/10\/Dele-1-2048x1154.jpg 2048w\" sizes=\"auto, (max-width: 1024px) 100vw, 1024px\" \/><\/figure>\n\n\n\n<figure class=\"wp-block-image size-large\"><img loading=\"lazy\" decoding=\"async\" width=\"1024\" height=\"577\" data-id=\"286\" src=\"https:\/\/triumph4all.dk\/wp-content\/uploads\/2020\/10\/Dele-2-1024x577.jpg\" alt=\"\" class=\"wp-image-286\" srcset=\"https:\/\/triumph4all.dk\/wp-content\/uploads\/2020\/10\/Dele-2-1024x577.jpg 1024w, https:\/\/triumph4all.dk\/wp-content\/uploads\/2020\/10\/Dele-2-300x169.jpg 300w, https:\/\/triumph4all.dk\/wp-content\/uploads\/2020\/10\/Dele-2-768x433.jpg 768w, https:\/\/triumph4all.dk\/wp-content\/uploads\/2020\/10\/Dele-2-1536x866.jpg 1536w, https:\/\/triumph4all.dk\/wp-content\/uploads\/2020\/10\/Dele-2-2048x1154.jpg 2048w\" sizes=\"auto, (max-width: 1024px) 100vw, 1024px\" \/><\/figure>\n<figcaption class=\"blocks-gallery-caption wp-element-caption\">Alle afmonteret dele bliver lagt i poser p\u00e5skrevet hvad de er til<\/figcaption><\/figure>\n\n\n<div class=\"wp-block-image\">\n<figure class=\"aligncenter size-large\"><img loading=\"lazy\" decoding=\"async\" width=\"1024\" height=\"577\" src=\"https:\/\/triumph4all.dk\/wp-content\/uploads\/2020\/10\/Dele-3-1024x577.jpg\" alt=\"\" class=\"wp-image-287\" srcset=\"https:\/\/triumph4all.dk\/wp-content\/uploads\/2020\/10\/Dele-3-1024x577.jpg 1024w, https:\/\/triumph4all.dk\/wp-content\/uploads\/2020\/10\/Dele-3-300x169.jpg 300w, https:\/\/triumph4all.dk\/wp-content\/uploads\/2020\/10\/Dele-3-768x433.jpg 768w, https:\/\/triumph4all.dk\/wp-content\/uploads\/2020\/10\/Dele-3-1536x866.jpg 1536w, https:\/\/triumph4all.dk\/wp-content\/uploads\/2020\/10\/Dele-3-2048x1154.jpg 2048w\" sizes=\"auto, (max-width: 1024px) 100vw, 1024px\" \/><figcaption class=\"wp-element-caption\">Derefter bliver det lagt i kasser. Her ses oliefilteret.<\/figcaption><\/figure>\n<\/div>\n\n<div class=\"wp-block-image\">\n<figure class=\"aligncenter size-large\"><img loading=\"lazy\" decoding=\"async\" width=\"1024\" height=\"577\" src=\"https:\/\/triumph4all.dk\/wp-content\/uploads\/2020\/11\/Motor-vendt-1024x577.jpg\" alt=\"\" class=\"wp-image-293\" srcset=\"https:\/\/triumph4all.dk\/wp-content\/uploads\/2020\/11\/Motor-vendt-1024x577.jpg 1024w, https:\/\/triumph4all.dk\/wp-content\/uploads\/2020\/11\/Motor-vendt-300x169.jpg 300w, https:\/\/triumph4all.dk\/wp-content\/uploads\/2020\/11\/Motor-vendt-768x433.jpg 768w, https:\/\/triumph4all.dk\/wp-content\/uploads\/2020\/11\/Motor-vendt-1536x866.jpg 1536w, https:\/\/triumph4all.dk\/wp-content\/uploads\/2020\/11\/Motor-vendt-2048x1154.jpg 2048w\" sizes=\"auto, (max-width: 1024px) 100vw, 1024px\" \/><figcaption class=\"wp-element-caption\">S\u00e5 blev motoren vendt 180 og s\u00e5 er det bundens tur nu.<\/figcaption><\/figure>\n<\/div>\n\n\n<figure class=\"wp-block-gallery has-nested-images columns-default is-cropped wp-block-gallery-3 is-layout-flex wp-block-gallery-is-layout-flex\">\n<figure class=\"wp-block-image size-large\"><img loading=\"lazy\" decoding=\"async\" width=\"1024\" height=\"577\" data-id=\"295\" src=\"https:\/\/triumph4all.dk\/wp-content\/uploads\/2020\/11\/Oliepumpe-1-1024x577.jpg\" alt=\"\" class=\"wp-image-295\" srcset=\"https:\/\/triumph4all.dk\/wp-content\/uploads\/2020\/11\/Oliepumpe-1-1024x577.jpg 1024w, https:\/\/triumph4all.dk\/wp-content\/uploads\/2020\/11\/Oliepumpe-1-300x169.jpg 300w, https:\/\/triumph4all.dk\/wp-content\/uploads\/2020\/11\/Oliepumpe-1-768x433.jpg 768w, https:\/\/triumph4all.dk\/wp-content\/uploads\/2020\/11\/Oliepumpe-1-1536x866.jpg 1536w, https:\/\/triumph4all.dk\/wp-content\/uploads\/2020\/11\/Oliepumpe-1-2048x1154.jpg 2048w\" sizes=\"auto, (max-width: 1024px) 100vw, 1024px\" \/><\/figure>\n\n\n\n<figure class=\"wp-block-image size-large\"><img loading=\"lazy\" decoding=\"async\" width=\"1024\" height=\"577\" data-id=\"296\" src=\"https:\/\/triumph4all.dk\/wp-content\/uploads\/2020\/11\/Stempler-ude-1024x577.jpg\" alt=\"\" class=\"wp-image-296\" srcset=\"https:\/\/triumph4all.dk\/wp-content\/uploads\/2020\/11\/Stempler-ude-1024x577.jpg 1024w, https:\/\/triumph4all.dk\/wp-content\/uploads\/2020\/11\/Stempler-ude-300x169.jpg 300w, https:\/\/triumph4all.dk\/wp-content\/uploads\/2020\/11\/Stempler-ude-768x433.jpg 768w, https:\/\/triumph4all.dk\/wp-content\/uploads\/2020\/11\/Stempler-ude-1536x866.jpg 1536w, https:\/\/triumph4all.dk\/wp-content\/uploads\/2020\/11\/Stempler-ude-2048x1154.jpg 2048w\" sizes=\"auto, (max-width: 1024px) 100vw, 1024px\" \/><\/figure>\n<figcaption class=\"blocks-gallery-caption wp-element-caption\">S\u00e5 er bundkaret afmonteret og oliepumpen samt stemplerne er taget ud.<\/figcaption><\/figure>\n\n\n<div class=\"wp-block-image\">\n<figure class=\"aligncenter size-large\"><img loading=\"lazy\" decoding=\"async\" width=\"1024\" height=\"577\" src=\"https:\/\/triumph4all.dk\/wp-content\/uploads\/2020\/11\/Krumptap-1024x577.jpg\" alt=\"\" class=\"wp-image-298\" srcset=\"https:\/\/triumph4all.dk\/wp-content\/uploads\/2020\/11\/Krumptap-1024x577.jpg 1024w, https:\/\/triumph4all.dk\/wp-content\/uploads\/2020\/11\/Krumptap-300x169.jpg 300w, https:\/\/triumph4all.dk\/wp-content\/uploads\/2020\/11\/Krumptap-768x433.jpg 768w, https:\/\/triumph4all.dk\/wp-content\/uploads\/2020\/11\/Krumptap-1536x866.jpg 1536w, https:\/\/triumph4all.dk\/wp-content\/uploads\/2020\/11\/Krumptap-2048x1154.jpg 2048w\" sizes=\"auto, (max-width: 1024px) 100vw, 1024px\" \/><figcaption class=\"wp-element-caption\">S\u00e5 er krumtappen ogs\u00e5 afmonteret<\/figcaption><\/figure>\n<\/div>\n\n<div class=\"wp-block-image\">\n<figure class=\"aligncenter size-large\"><img loading=\"lazy\" decoding=\"async\" width=\"1024\" height=\"577\" src=\"https:\/\/triumph4all.dk\/wp-content\/uploads\/2020\/11\/Foringer-ude-1-1024x577.jpg\" alt=\"\" class=\"wp-image-308\" srcset=\"https:\/\/triumph4all.dk\/wp-content\/uploads\/2020\/11\/Foringer-ude-1-1024x577.jpg 1024w, https:\/\/triumph4all.dk\/wp-content\/uploads\/2020\/11\/Foringer-ude-1-300x169.jpg 300w, https:\/\/triumph4all.dk\/wp-content\/uploads\/2020\/11\/Foringer-ude-1-768x433.jpg 768w, https:\/\/triumph4all.dk\/wp-content\/uploads\/2020\/11\/Foringer-ude-1-1536x866.jpg 1536w, https:\/\/triumph4all.dk\/wp-content\/uploads\/2020\/11\/Foringer-ude-1-2048x1154.jpg 2048w\" sizes=\"auto, (max-width: 1024px) 100vw, 1024px\" \/><figcaption class=\"wp-element-caption\">S\u00e5 er de gamle stempel foringer ogs\u00e5 afmonteret dog ikke helt uden kamp.<\/figcaption><\/figure>\n<\/div>\n\n\n<p class=\"has-text-align-center\">Nu er n\u00e6sten alt p\u00e5 motoren afmonteret mangler dog boltene s\u00e5 st\u00e5r den p\u00e5 rens og maling inden der kan samles igen men inden skal alle delene kontrolleres og opm\u00e5les for slid og en hel del nye dele skal k\u00f8bes ligger lige nogle billeder op med det som jeg allerede har set.<\/p>\n\n\n\n<figure class=\"wp-block-gallery has-nested-images columns-default is-cropped wp-block-gallery-4 is-layout-flex wp-block-gallery-is-layout-flex\">\n<figure class=\"wp-block-image size-large\"><img loading=\"lazy\" decoding=\"async\" width=\"1024\" height=\"577\" data-id=\"302\" src=\"https:\/\/triumph4all.dk\/wp-content\/uploads\/2020\/11\/Knastaksel-1024x577.jpg\" alt=\"\" class=\"wp-image-302\" srcset=\"https:\/\/triumph4all.dk\/wp-content\/uploads\/2020\/11\/Knastaksel-1024x577.jpg 1024w, https:\/\/triumph4all.dk\/wp-content\/uploads\/2020\/11\/Knastaksel-300x169.jpg 300w, https:\/\/triumph4all.dk\/wp-content\/uploads\/2020\/11\/Knastaksel-768x433.jpg 768w, https:\/\/triumph4all.dk\/wp-content\/uploads\/2020\/11\/Knastaksel-1536x866.jpg 1536w, https:\/\/triumph4all.dk\/wp-content\/uploads\/2020\/11\/Knastaksel-2048x1154.jpg 2048w\" sizes=\"auto, (max-width: 1024px) 100vw, 1024px\" \/><\/figure>\n\n\n\n<figure class=\"wp-block-image size-large\"><img loading=\"lazy\" decoding=\"async\" width=\"1024\" height=\"577\" data-id=\"303\" src=\"https:\/\/triumph4all.dk\/wp-content\/uploads\/2020\/11\/Knast-aksel-ventil-loefter-1024x577.jpg\" alt=\"\" class=\"wp-image-303\" srcset=\"https:\/\/triumph4all.dk\/wp-content\/uploads\/2020\/11\/Knast-aksel-ventil-loefter-1024x577.jpg 1024w, https:\/\/triumph4all.dk\/wp-content\/uploads\/2020\/11\/Knast-aksel-ventil-loefter-300x169.jpg 300w, https:\/\/triumph4all.dk\/wp-content\/uploads\/2020\/11\/Knast-aksel-ventil-loefter-768x433.jpg 768w, https:\/\/triumph4all.dk\/wp-content\/uploads\/2020\/11\/Knast-aksel-ventil-loefter-1536x866.jpg 1536w, https:\/\/triumph4all.dk\/wp-content\/uploads\/2020\/11\/Knast-aksel-ventil-loefter-2048x1154.jpg 2048w\" sizes=\"auto, (max-width: 1024px) 100vw, 1024px\" \/><\/figure>\n<figcaption class=\"blocks-gallery-caption wp-element-caption\">Knastakselen der har v\u00e6ret lidt med en ventill\u00f8fter s\u00e5 der skal helt sikker nye dele til her.<\/figcaption><\/figure>\n\n\n\n<figure class=\"wp-block-gallery has-nested-images columns-default is-cropped wp-block-gallery-5 is-layout-flex wp-block-gallery-is-layout-flex\">\n<figure class=\"wp-block-image size-large\"><img loading=\"lazy\" decoding=\"async\" width=\"1024\" height=\"577\" data-id=\"307\" src=\"https:\/\/triumph4all.dk\/wp-content\/uploads\/2020\/11\/Krumptap-lejeskaal-slid-1-1024x577.jpg\" alt=\"\" class=\"wp-image-307\" srcset=\"https:\/\/triumph4all.dk\/wp-content\/uploads\/2020\/11\/Krumptap-lejeskaal-slid-1-1024x577.jpg 1024w, https:\/\/triumph4all.dk\/wp-content\/uploads\/2020\/11\/Krumptap-lejeskaal-slid-1-300x169.jpg 300w, https:\/\/triumph4all.dk\/wp-content\/uploads\/2020\/11\/Krumptap-lejeskaal-slid-1-768x433.jpg 768w, https:\/\/triumph4all.dk\/wp-content\/uploads\/2020\/11\/Krumptap-lejeskaal-slid-1-1536x866.jpg 1536w, https:\/\/triumph4all.dk\/wp-content\/uploads\/2020\/11\/Krumptap-lejeskaal-slid-1-2048x1154.jpg 2048w\" sizes=\"auto, (max-width: 1024px) 100vw, 1024px\" \/><\/figure>\n\n\n\n<figure class=\"wp-block-image size-large\"><img loading=\"lazy\" decoding=\"async\" width=\"1024\" height=\"577\" data-id=\"306\" src=\"https:\/\/triumph4all.dk\/wp-content\/uploads\/2020\/11\/Krumptap-overflade-1-1024x577.jpg\" alt=\"\" class=\"wp-image-306\" srcset=\"https:\/\/triumph4all.dk\/wp-content\/uploads\/2020\/11\/Krumptap-overflade-1-1024x577.jpg 1024w, https:\/\/triumph4all.dk\/wp-content\/uploads\/2020\/11\/Krumptap-overflade-1-300x169.jpg 300w, https:\/\/triumph4all.dk\/wp-content\/uploads\/2020\/11\/Krumptap-overflade-1-768x433.jpg 768w, https:\/\/triumph4all.dk\/wp-content\/uploads\/2020\/11\/Krumptap-overflade-1-1536x866.jpg 1536w, https:\/\/triumph4all.dk\/wp-content\/uploads\/2020\/11\/Krumptap-overflade-1-2048x1154.jpg 2048w\" sizes=\"auto, (max-width: 1024px) 100vw, 1024px\" \/><\/figure>\n<figcaption class=\"blocks-gallery-caption wp-element-caption\">Lejesk\u00e5l fra krumtapaksel ser p\u00e6nt slidt ud det kunne tyde p\u00e5 at bilen har k\u00f8rt nogle kilometer men overfladen p\u00e5 krumtappen ser p\u00e6nt ok ud skal dog opm\u00e5les inden der besluttes hvad jeg g\u00f8r. <\/figcaption><\/figure>\n","protected":false},"excerpt":{"rendered":"<p>S\u00e5 fik jeg motoren op og h\u00e6nge p\u00e5 mit nyindk\u00f8bte motorstativ den skal herefter skilles totalt ad. S\u00e5 lykkes det at f\u00e5 fremstillet et beslag s\u00e5 det er muligt at h\u00e6nge motoren op sidel\u00e6ns dette skulle gerne g\u00f8re det lettere at arbejde p\u00e5 motoren. Det er lavet i vinkeljern samt fladjern dette er svejst sammen&hellip;&nbsp;<a href=\"https:\/\/triumph4all.dk\/?page_id=221\" rel=\"bookmark\">L\u00e6s mere &raquo;<span class=\"screen-reader-text\">Motor renovering<\/span><\/a><\/p>\n","protected":false},"author":2,"featured_media":0,"parent":0,"menu_order":0,"comment_status":"closed","ping_status":"closed","template":"","meta":{"neve_meta_sidebar":"","neve_meta_container":"","neve_meta_enable_content_width":"","neve_meta_content_width":0,"neve_meta_title_alignment":"","neve_meta_author_avatar":"","neve_post_elements_order":"","neve_meta_disable_header":"","neve_meta_disable_footer":"","neve_meta_disable_title":"","footnotes":""},"class_list":["post-221","page","type-page","status-publish","hentry"],"_links":{"self":[{"href":"https:\/\/triumph4all.dk\/index.php?rest_route=\/wp\/v2\/pages\/221","targetHints":{"allow":["GET"]}}],"collection":[{"href":"https:\/\/triumph4all.dk\/index.php?rest_route=\/wp\/v2\/pages"}],"about":[{"href":"https:\/\/triumph4all.dk\/index.php?rest_route=\/wp\/v2\/types\/page"}],"author":[{"embeddable":true,"href":"https:\/\/triumph4all.dk\/index.php?rest_route=\/wp\/v2\/users\/2"}],"replies":[{"embeddable":true,"href":"https:\/\/triumph4all.dk\/index.php?rest_route=%2Fwp%2Fv2%2Fcomments&post=221"}],"version-history":[{"count":16,"href":"https:\/\/triumph4all.dk\/index.php?rest_route=\/wp\/v2\/pages\/221\/revisions"}],"predecessor-version":[{"id":1010,"href":"https:\/\/triumph4all.dk\/index.php?rest_route=\/wp\/v2\/pages\/221\/revisions\/1010"}],"wp:attachment":[{"href":"https:\/\/triumph4all.dk\/index.php?rest_route=%2Fwp%2Fv2%2Fmedia&parent=221"}],"curies":[{"name":"wp","href":"https:\/\/api.w.org\/{rel}","templated":true}]}}